 j(-7). Let c be 10/4*16/10. Suppose -c*x = 5*f - 77, 2 = 5*f - 3. What is the greatest common divisor of o and x?
9
Let g be (6 - 4)/(46/(-24) + 2). What is the greatest common factor of 48 and g?
24
Let w be (2304/224)/((-2)/(-28)*1). Calculate the greatest common factor of w and 9.
9
Suppose -c + 2*p = -22, c - 6*p + 2*p - 30 = 0. Calculate the greatest common divisor of 14 and c.
14
Let t be -10 + 620/14 - 4/14. Calculate the highest common divisor of 17 and t.
17
Let u be (5 - -3)*(-5)/(-2). Suppose 2*q - 188 = -u. Calculate the highest common divisor of 12 and q.
12
Let d be 2/(-5)*(22 - -3). Let p = 2 - d. What is the greatest common factor of 60 and p?
12
Let o(x) = x**3 - 2*x**2 + 7*x + 6. Let d be o(-4). Let t = -62 - d. Suppose 3*v = 2*a - 5 - 15, -a = 5*v + 3. What is the greatest common factor of a and t?
7
Let q = 50 - 29. What is the highest common factor of q and 21?
21
Suppose 30 = 2*d + 3*f + 5, 40 = d - 4*f. Suppose 4*t = -23 + 63. Calculate the highest common divisor of d and t.
10
Let o be (-26)/4 + 1/2. Let i = o + 12. Suppose m + i = 2*m. Calculate the highest common divisor of 9 and m.
3
Let q = 95 + -91. What is the greatest common factor of 4 and q?
4
Suppose -2*i = -4*i + 12. What is the highest common divisor of 66 and i?
6
Let v = 13 + -1. Suppose 4*l = 4*y - 248, -2*y + 5*l + 142 - 12 = 0. Calculate the highest common divisor of v and y.
12
Let y(c) = 0 - 1 + c**2 + 2*c - 3*c. Let w be y(-1). Suppose g + 1 - 2 = 0. What is the highest common factor of g and w?
1
Let x be (1 + 2 + -2)*9. What is the highest common factor of 36 and x?
9
Let s(h) = h**3 + 8*h**2 + 5*h + 4. Let y = -3 - 3. Let o be s(y). Let x = -207 - -322. What is the greatest common factor of o and x?
23
Suppose 10 = l + 6. Let h(b) = 10*b + 4. Suppose 0*m - 2*m = -8. Let v be h(m). Calculate the highest common divisor of v and l.
4
Let m be 3 - -19 - (-1 - -1). Let g(w) = 12*w - 3. Let x be g(3). Calculate the highest common factor of x and m.
11
Suppose -3*a + 10 = 2*a. Suppose -w + 0*w + a = 0. Suppose -22 = -5*n - s, -2*s - 7 = -w*n + 9. What is the greatest common factor of n and 25?
5
Let h(p) = p**2 - 4*p - 4. Let j be h(-4). Let s = 86 - 51. Suppose 0 = z + 4*z - s. What is the highest common factor of j and z?
7
Suppose 242 = 3*h - h. Suppose 0 = -2*r + 3 + 19. Calculate the highest common factor of r and h.
11
Suppose -5*t + 4*i + 87 = 0, 4*t + i = 2*i + 74. What is the greatest common divisor of 152 and t?
19
Let k be 274/10 - 6/15. What is the greatest common factor of 9 and k?
9
Let t(x) = 4*x + 2. Let g be t(3). Let h(b) = 31*b + 1. Let w be h(2). Let n = -42 + w. Calculate the highest common factor of n and g.
7
Let i = 87 - 27. Let n(u) = -u**3 + u**2 + 2. Let o be n(0). Suppose 0 = -3*l - a + 94, -i = -o*l + 3*a - 5*a. Calculate the greatest common factor of 4 and l.
4
Let p(b) = b**2 - 12*b - 19. Let d be p(14). Calculate the highest common divisor of d and 27.
9
Let v = 18 - 12. Suppose v*c - 4*c = 64. Let w(u) = 8*u. Let h be w(2). Calculate the greatest common divisor of h and c.
16
Suppose 3*n - 393 = -3*d, -3*n + 4*n - 155 = 5*d. Let f = -5 + 7. Let z be (f/(-2))/((-3)/n). What is the highest common divisor of z and 5?
5
Let q(z) = -27*z + 3. Let p be q(-3). Suppose i - 4*i = -n - 9, 5*n + 17 = i. Let j be 2/((-1)/(-12)*i). Calculate the greatest common factor of p and j.
12
Let n be (5*-1)/(2/(-8)). Let l(j) = -j - 7. Let d be l(-6). Let y = d - -6. Calculate the highest common divisor of y and n.
5
Suppose 0 = y - 6*y - 5, 0 = w - 3*y - 28. Let h = -4 - -9. Let f = 15 - h. What is the highest common factor of w and f?
5
Suppose -4*d + 5*z + 183 = 0, 0*d - 2*d + 2*z + 90 = 0. Calculate the highest common divisor of d and 105.
21
Let l(i) = -i**3 - 2*i**2 + i. Let r be l(-3). Let m(y) = 8*y - 13. Let p be m(r). What is the highest common divisor of p and 7?
7
Let i(c) = c**3 - 5*c**2 - 6*c + 7. Let z be i(6). Calculate the greatest common divisor of 49 and z.
7
Suppose 4*x - 8 = 3*x. What is the highest common factor of 56 and x?
8
Suppose -6*z + 12 = -3*z. Suppose z*c + d - 749 = 0, 3*c - 7*c - 3*d = -751. What is the highest common divisor of c and 17?
17
Let d(i) = -i**2 - 16*i - 42. Let y be d(-9). Calculate the greatest common factor of y and 3.
3
Let y be (-12)/(-9) - (-3)/(-9). Let q be (3/y)/((-6)/(-16)). Calculate the greatest common factor of q and 32.
8
Suppose s - 3 = -l, 15*s = l + 13*s - 9. Let a = 154 + -109. Calculate the greatest common divisor of a and l.
5
Let m = -53 - -98. Calculate the highest common factor of m and 9.
9
Let y(l) = 4 - l**3 + 5 + 2*l + 2*l - 5*l**2. Let u be y(-6). Calculate the greatest common divisor of u and 21.
21
Suppose k - 6*k + 220 = -4*n, 5*k = -5*n + 175. Calculate the highest common divisor of k and 100.
20
Let m(t) = 16*t**2 - t + 2. Let g be m(-2). Let v be ((-136)/32)/((-2)/8). Calculate the highest common factor of g and v.
17
Suppose u - 12 = -3*u. Suppose p + u*p = 280. Let v(q) = q**3 + 4*q**2 - 4*q - 6. Let z be v(-4). Calculate the highest common factor of p and z.
10
Suppose 0*t + 8 = -4*t, 4*t + 18 = g. Suppose -4*k + 82 = 2*j, -k + 0*k - 4*j = -g. What is the greatest common divisor of k and 44?
22
Let v = -105 - -138. Calculate the highest common factor of 66 and v.
33
Suppose -2*m = -5*a + 45, 5*a = -3*m - 2*m + 10. Calculate the greatest common factor of 1 and a.
1
Suppose 5*k + 2*k = 126. Calculate the highest common divisor of k and 126.
18
Let f(c) = -c - 3. Let k be f(-9). Let b = 57 - 15. What is the greatest common divisor of k and b?
6
Suppose 5*l = -2*n, -2*l - n + 2 - 3 = 0. Suppose 166 = 5*z + l*w - 11, 2*z - 66 = 4*w. Calculate the highest common divisor of 70 and z.
35
Let r = -5 - 6. Let s = r + 26. Let g(c) = 31*c**2 - 3*c + 2. Let m be g(1). Calculate the highest common divisor of m and s.
15
Suppose -2*l + 17 = -3. What is the highest common divisor of l and 10?
10
Suppose 4*j = q + 8, -3*q - q - 2*j + 40 = 0. Let x = -3 - -5. Let s = x - -6. What is the greatest common divisor of q and s?
8
Let z(y) = 28*y**3 + y**2 - y. Let c be z(1). Let i(o) = -o**2 - 5*o + 10. Let b be i(-6). What is the highest common factor of c and b?
4
Suppose 4*m + 0*m = 20. What is the greatest common factor of 35 and m?
5
Let y = 2 + 3. Suppose -102 = -y*k - 12. What is the highest common divisor of 36 and k?
18
Suppose 0 = -2*u + 6 - 18. Let y = -21 + 37. Let q = y + u. Calculate the highest common factor of 90 and q.
10
Suppose 0 - 3 = 4*n - 3*i, 5*n + 5*i = 40. Suppose -n*v - v = -12. What is the greatest common factor of 9 and v?
3
Let k(f) = f + 3. Let b be k(-7). Let a = b - -4. Suppose 5*s - 110 + 10 = a. What is the highest common divisor of 50 and s?
10
Let v = 45 + -28. Calculate the greatest common divisor of 51 and v.
17
Let a(r) = -2*r - 7. Let k be a(-3). Let v be k*3 + 25 + -3. What is the highest common divisor of 171 and v?
19
Suppose -5*h + 0*h + 20 = 0. Suppose -7*m + h = -5*m. Let a = 6 - -8. Calculate the highest common factor of m and a.
2
Let k(r) = -r**3 + 3*r**2 - r + 1. Let f be k(-3). Calculate the highest common divisor of f and 87.
29
Suppose -5*o - 5 = 0, -2 = w + 5*o - 3. Let i(t) = t**3 - 4*t**2 - 8*t + 8. Let g be i(w). Calculate the highest common factor of 16 and g.
16
Suppose 3*r = -3*u - 12, 3*u + 6 = u - 4*r. Let y(s) = -s**3 - 5*s**2 - s + 5. Let v be y(u). Calculate the greatest common factor of v and 5.
5
Let d(b) be the second derivative of b**3/3 - b**2 - b. Let g be d(-5). Let j be 8*(1 - 3/g). Calculate the highest common divisor of j and 15.
5
Let m = -102 + 221. Suppose 5*i - 41 - m = 0. Calculate the highest common factor of 4 and i.
4
Let b be (-1)/((4/55)/(-4)). Calculate the highest common factor of b and 11.
11
Let p(o) = -2*o**2 + 4. Let x(i) = 5*i**2 - i - 9. Let u(l) = 7*p(l) + 3*x(l). Let m be u(-6). Calculate the greatest common factor of m and 22.
11
Let n be 7/2*(-1 + 3). Let c be 2 + -5 - -9 - -1. What is the greatest common divisor of c and n?
7
Suppose 2*u + 6*u = 72. Calculate the highest common factor of 9 and u.
9
Let p be 1 + (-5 - -2) + 0. Let o be p + (-1 - -4)/1. What is the greatest common factor of o and 2?
1
Suppose -10 + 34 = 3*o. Calculate the greatest common divisor of 8 and o.
8
Let u be 